2960
Calculate the highest common divisor of 134292 and 879396.
4332
Calculate the highest common divisor of 517546437 and 138.
69
Calculate the greatest common factor of 183192513 and 9546.
4773
What is the greatest common divisor of 1418508 and 4644?
36
Calculate the greatest common factor of 5 and 202591.
1
Calculate the greatest common factor of 2171960 and 31360.
280
What is the highest common divisor of 262 and 12534997?
131
Calculate the greatest common divisor of 7936 and 34441.
31
What is the greatest common factor of 2594835 and 39096675?
17415
What is the highest common divisor of 8802 and 6240?
6
What is the highest common factor of 8097034 and 2728?
22
Calculate the greatest common factor of 2101 and 5710327.
191
What is the highest common factor of 2343 and 248483741?
781
Calculate the highest common divisor of 972968 and 1.
1
What is the greatest common factor of 14757664 and 154448?
3152
What is the highest common factor of 1548962 and 43018?
314
Calculate the highest common divisor of 150324420 and 780.
60
Calculate the greatest common factor of 679 and 2901367.
679
What is the greatest common factor of 85 and 1614218?
17
Calculate the highest common factor of 29134 and 73766.
14
Calculate the highest common divisor of 149 and 58156786.
149
Calculate the highest common factor of 18888 and 9696.
24
What is the greatest common divisor of 111 and 274884?
3
Calculate the highest common divisor of 1839 and 178419.
3
Calculate the greatest common factor of 4491488 and 24056.
776
What is the greatest common factor of 6061 and 1701678?
209
Calculate the greatest common divisor of 117210 and 12.
6
Calculate the highest common divisor of 428262 and 32743.
137
Calculate the highest common divisor of 48203463 and 924.
231
Calculate the highest common divisor of 54 and 1268192754.
54
Calculate the highest common divisor of 867540 and 437760.
1140
Calculate the greatest common factor of 8793 and 1692153.
9
Calculate the greatest common divisor of 436465072 and 816.
272
What is the greatest common divisor of 49973952 and 722?
722
Calculate the highest common divisor of 4932801140 and 1940.
1940
What is the highest common factor of 16687 and 847?
11
What is the highest common factor of 425782 and 2499?
119
What is the highest common divisor of 39432543 and 171?
57
Calculate the highest common factor of 25594 and 122074.
134
Calculate the highest common divisor of 3239 and 7539365.
79
What is the highest common factor of 30 and 12453270?
30
Calculate the greatest common divisor of 252394507 and 649.
59
Calculate the highest common factor of 150 and 9769002.
6
What is the highest common factor of 274293951 and 894?
447
What is the highest common divisor of 7752144 and 144?
48
Calculate the greatest common factor of 494871 and 221.
13
Calculate the greatest common divisor of 28542 and 777876.
426
What is the greatest common divisor of 40841428 and 11916?
1324
What is the greatest common divisor of 10522928 and 832?
208
What is the greatest common divisor of 1369 and 106049585?
1369
What is the highest common factor of 4160 and 394338880?
4160
Calculate the greatest common factor of 4065 and 288780.
15
What is the greatest common factor of 199 and 21424340?
199
Calculate the highest common factor of 1155890 and 11510.
10
Calculate the greatest common factor of 76508 and 4431294.
1234
What is the greatest common factor of 939804047 and 238?
119
What is the greatest common factor of 86270 and 1306?
2
What is the greatest common divisor of 25 and 32755825?
25
What is the greatest common divisor of 5476 and 11204?
4
What is the greatest common divisor of 5228016 and 34944?
48
Calculate the greatest common divisor of 48771827 and 442.
221
Calculate the highest common divisor of 354495262 and 22.
22
What is the highest common divisor of 102637 and 48068?
197
What is the greatest common divisor of 296949 and 247938?
2883
Calculate the highest common divisor of 90 and 21395310.
30
What is the highest common factor of 42683274 and 9990?
1998
Calculate the highest common divisor of 3912 and 49129504.
1304
Calculate the greatest common factor of 17 and 260468101.
17
What is the highest common factor of 2151710 and 7192?
62
Calculate the highest common divisor of 79352 and 1244152.
728
Calculate the highest common factor of 10066 and 42686.
14
Calculate the highest common divisor of 29913805 and 1685.
1685
What is the greatest common factor of 22944 and 110657?
239
Calculate the greatest common divisor of 389087 and 5203811.
607
What is the greatest common divisor of 10452 and 889291?
871
What is the greatest common divisor of 1059325 and 25?
25
What is the highest common factor of 46297 and 22445?
67
What is the greatest common divisor of 357 and 807008853?
357
Calculate the greatest common divisor of 487059733 and 133592.
16699
What is the highest common divisor of 1629 and 27400323?
543
What is the greatest common factor of 96807 and 793?
61
Calculate the highest common divisor of 2300188 and 10004.
244
What is the greatest common factor of 8282460 and 9060?
60
Calculate the highest common factor of 50588610 and 45.
15
What is the greatest common divisor of 36 and 46547118?
18
Calculate the greatest common factor of 23 and 15250035.
23
Calculate the highest common divisor of 45927 and 464859.
243
What is the highest common factor of 4371 and 448521?
141
Calculate the highest common divisor of 1122523 and 81215.
439
Calculate the greatest common divisor of 95783056 and 496.
496
What is the highest common factor of 192 and 2423120?
16
What is the greatest common divisor of 99 and 2590263?
9
Calculate the greatest common factor of 4768 and 23912224.
32
Calculate the greatest common factor of 180 and 2020986.
18
Calculate the highest common factor of 62 and 17201497.
31
What is the highest common divisor of 57 and 23375130?
57
Calculate the greatest common divisor of 40 and 36651060.
20
Calculate the highest common divisor of 1736 and 4242412.
124
Calculate the greatest common factor of 2312828 and 19180.
28
What is the greatest common factor of 951 and 6807?
3
What is the greatest common factor of 9 and 3069783?
9
Calculate the highest common divisor of 207 and 123075760.
23
Calculate the greatest common divisor of 4613 and 5543395970.
4613
Calculate the greatest common divisor of 3859119 and 387.
9
What is the greatest common divisor of 39183749 and 11?
11
Calculate the greatest common factor of 7785448 and 8.
8
Calculate the highest common factor of 498136 and 1988.
284
What is the greatest common factor of 361323 and 294291?
171
What is the highest common divisor of 49 and 1979936?
7
Calculate the greatest common divisor of 7 and 86880192.
7
Calculate the highest common factor of 31 and 819899501.
31
What is the greatest common factor of 934 and 2941746481?
467
What is the highest common divisor of 63360 and 4548096?
1152
Calculate the greatest common factor of 42577843 and 1666.
119
Calculate the highest common factor of 21555 and 1154869.
479
What is the greatest common factor of 140 and 8954980?
20
Calculate the highest common divisor of 174029 and 827747.
493
Calculate the highest common factor of 210 and 20485680.
30
What is the highest common divisor of 1415358 and 303009?
987
What is the highest common factor of 68123 and 83611?
121
Calculate the highest common divisor of 184991216 and 3768.
1256
What is the greatest common divisor of 1585 and 17315491?
317
What is the highest common divisor of 485 and 487705?
5
Calculate the greatest common divisor of 6713469 and 3024.
189
What is the highest common divisor of 22667985 and 45?
45
What is the greatest common divisor of 63163107 and 3318?
1659
What is the greatest common factor of 7280 and 3871280?
560
What is the greatest common divisor of 6739194 and 1131?
87
Calculate the highest common divisor of 35631 and 668322.
963
Calculate the greatest common divisor of 126009 and 10300797.
351
What is the greatest common factor of 1085382 and 102?
102
What is the greatest common factor of 1674992 and 13392?
496
Calculate the highest common factor of 74984784 and 77280.
7728
Calculate the highest common divisor of 5874 and 33154.
22
Calculate the greatest common factor of 2397516 and 50512.
1804
Calcul